mmon divisor of 1577932 and 52?
4
What is the greatest common divisor of 23023469 and 7?
7
What is the highest common factor of 21405599 and 225248?
7039
What is the greatest common factor of 321 and 44230911?
321
What is the highest common divisor of 1027217 and 120240?
167
Calculate the greatest common factor of 179323 and 24617.
103
Calculate the greatest common divisor of 46680372 and 162.
18
Calculate the greatest common divisor of 78925 and 14.
7
Calculate the highest common divisor of 68166 and 648648.
126
What is the highest common divisor of 266940 and 21105?
45
What is the highest common divisor of 181100868 and 78?
78
What is the highest common divisor of 1599 and 480168?
39
Calculate the highest common divisor of 262 and 698857228.
262
Calculate the greatest common divisor of 608080 and 3300.
220
What is the highest common factor of 49029 and 4897?
59
Calculate the highest common factor of 194112 and 7104.
192
What is the greatest common factor of 27306 and 124986?
222
Calculate the highest common factor of 116375 and 2308500.
2375
Calculate the greatest common divisor of 16513 and 3111521.
2359
Calculate the greatest common divisor of 164 and 96509162.
82
Calculate the highest common divisor of 38828 and 2965174.
34
Calculate the greatest common factor of 5635 and 3599155.
805
Calculate the highest common factor of 64000 and 40064.
128
Calculate the highest common divisor of 93511 and 2497.
11
Calculate the highest common divisor of 40 and 222788760.
40
Calculate the greatest common divisor of 4354 and 398909.
7
Calculate the greatest common factor of 102 and 1566652.
34
Calculate the greatest common factor of 111130012 and 4.
4
What is the highest common factor of 3382983 and 459?
153
What is the greatest common divisor of 282717 and 94905?
999
Calculate the highest common divisor of 255 and 1127775.
15
What is the greatest common divisor of 2116 and 448253969?
529
What is the greatest common factor of 543974 and 481?
37
What is the highest common factor of 493548 and 2208?
12
Calculate the greatest common divisor of 3298884 and 204.
204
What is the highest common divisor of 58780462 and 26?
26
What is the highest common divisor of 38610773 and 9?
1
What is the greatest common factor of 204090 and 8730?
30
Calculate the greatest common factor of 2844 and 22165188.
948
Calculate the greatest common factor of 765279978 and 18.
6
What is the highest common divisor of 6110 and 103928045?
3055
Calculate the greatest common divisor of 44185 and 22665.
5
Calculate the highest common factor of 1023153 and 1281.
183
Calculate the greatest common factor of 1512528 and 16912.
16
What is the greatest common divisor of 615 and 13844640?
15
What is the greatest common factor of 3771971 and 737107?
2401
What is the greatest common divisor of 1455780 and 442320?
1140
Calculate the highest common divisor of 164044224 and 135.
27
Calculate the highest common divisor of 212205053 and 19.
19
What is the highest common factor of 185967 and 2754?
9
Calculate the highest common divisor of 25881649 and 159.
53
What is the highest common factor of 146 and 130202?
2
What is the highest common divisor of 14 and 36407077?
7
What is the greatest common factor of 25588349 and 8381?
289
What is the highest common divisor of 17508807 and 185?
37
What is the highest common divisor of 4992 and 29430912?
384
Calculate the highest common divisor of 22050 and 599466.
294
What is the highest common factor of 404660970 and 695?
695
Calculate the greatest common factor of 185104 and 39008.
368
What is the highest common factor of 210235 and 6365?
95
What is the greatest common divisor of 7073604 and 1035?
207
Calculate the highest common divisor of 19 and 227051539.
19
Calculate the greatest common divisor of 388 and 23795.
1
What is the highest common divisor of 50 and 31253165?
5
Calculate the greatest common factor of 870 and 1466205.
15
What is the highest common factor of 21340 and 78781945?
5335
What is the greatest common factor of 27558140 and 6896?
1724
Calculate the greatest common factor of 1571702 and 21662344.
4378
What is the greatest common divisor of 16530912 and 99864?
1368
Calculate the greatest common divisor of 3529769 and 1679.
73
What is the highest common divisor of 125995 and 295495?
565
What is the greatest common divisor of 366822 and 15822?
54
Calculate the greatest common divisor of 379772 and 1907524.
1444
What is the greatest common factor of 103285 and 148785?
455
Calculate the highest common divisor of 11957 and 140223.
1087
Calculate the greatest common factor of 44895389 and 23749.
1397
Calculate the highest common factor of 1119492 and 12276.
396
Calculate the highest common factor of 63309 and 319239.
1347
What is the greatest common factor of 72745469 and 82918?
3769
Calculate the greatest common divisor of 60 and 2769405.
15
What is the highest common factor of 69927 and 15141555?
429
Calculate the highest common factor of 1502794 and 2650343.
2153
What is the greatest common factor of 2389071603 and 489?
489
What is the greatest common divisor of 768 and 21528384?
192
What is the highest common divisor of 85561 and 95853485?
5033
Calculate the greatest common divisor of 791 and 78211.
7
What is the greatest common divisor of 50104145 and 105?
35
What is the greatest common factor of 104970 and 1214153?
3499
What is the highest common factor of 5188826 and 4?
2
What is the greatest common factor of 21987 and 394653?
21
Calculate the greatest common divisor of 93459632 and 266.
266
Calculate the greatest common divisor of 70762248 and 96.
24
Calculate the greatest common divisor of 109076 and 473087.
67
Calculate the highest common factor of 141356710 and 220.
110
What is the highest common factor of 1495 and 298285?
65
Calculate the greatest common factor of 14968608 and 175152.
1968
What is the greatest common factor of 82422 and 3258802?
482
What is the greatest common divisor of 80768 and 34752?
64
Calculate the greatest common factor of 110295 and 813861.
1161
Calculate the highest common factor of 1296 and 558936.
72
What is the highest common divisor of 4563675 and 432?
27
Calculate the greatest common factor of 410 and 79714660.
410
What is the highest common divisor of 131220 and 1365660?
4860
What is the greatest common factor of 5950 and 1741700?
50
Calculate the greatest common divisor of 13674 and 535136548.
4558
Calculate the greatest common factor of 178 and 32439165.
89
Calculate the greatest common divisor of 20294 and 2162562.
278
What is the highest common divisor of 401200 and 2651932?
4012
Calculate the greatest common divisor of 6884137 and 701519.
7709
What is the highest common factor of 1124512 and 12032?
32
Calculate the greatest common factor of 1207317 and 31683.
177
Calculate the highest common divisor of 212 and 14087.
1
Calculate the greatest common divisor of 1056 and 13740252.
12
What is the highest common divisor of 6777991 and 11?
11
What is the greatest common factor of 19454 and 4118?
142
Calculate the greatest common divisor of 389946 and 22.
2
Calculate the greatest common divisor of 266461 and 43979.
2587
Calculate the highest common divisor of 156794605 and 11.
11
Calculate the greatest common factor of 164348 and 781196.
724
What is the highest common factor of 593729662 and 94?
94
Calculate the greatest common divisor of 603597793 and 29.
29
Calculate the greatest common divisor of 376 and 4306187.
47
What is the highest common factor of 4 and 30069230?
2
What is the greatest common factor of 1619250 and 29478?
102
Calculate the highest common factor of 61885329 and 1089.
363
What is the greatest common divisor of 3591 and 6432741?
63
Calculate the greatest common factor of 14 and 839420869.
7
What is the highest common factor of 33084 and 1483956?
36
What is the greatest common factor of 7922145 and 105?
105
Calculate the highest common divisor of 1443422 and 773530.
1502
What is the highest common factor of 18 and 49647672?
18
What is the greatest common factor of 1060 and 920380?
20
Calculate the greatest common divisor of 910830 and 230860.
970
What is the highest common factor of 85 and 519265?
85
What is the greatest common divisor of 650249136 and 5452?
5452
Calculate the greate